2747227147 a composite number?
False
Is 1435709999 a composite number?
False
Is 73235261657 prime?
True
Is 636428137 prime?
True
Is 9289484053 a prime number?
False
Is 25910709053 composite?
False
Is 1989239701 composite?
False
Is 38159514509 prime?
True
Is 3491411267 composite?
False
Is 13223589293 a composite number?
True
Is 13744538491 composite?
False
Is 2439509601 prime?
False
Is 19958446877 composite?
True
Is 68211099239 a composite number?
True
Is 1116805999 prime?
True
Is 81551100487 a prime number?
True
Is 7552095739 a prime number?
False
Is 191408809 a composite number?
True
Is 1213380437 prime?
True
Is 27308160181 prime?
False
Is 794802601 composite?
False
Is 15787177247 a composite number?
False
Is 596264329 a prime number?
False
Is 619395781 a prime number?
True
Is 11992543243 prime?
True
Is 2279008786 composite?
True
Is 2337473477 composite?
True
Is 23825732017 composite?
True
Is 254923666471 composite?
False
Is 10655597993 a prime number?
False
Is 5904180033 a prime number?
False
Is 2124865481 a prime number?
False
Is 1876837637 a prime number?
True
Is 16605061307 prime?
False
Is 2736706751 a composite number?
False
Is 3677611271 composite?
False
Is 197334197161 composite?
False
Is 148438810097 a prime number?
True
Is 4927943947 prime?
True
Is 2095387871 a prime number?
False
Is 18712418167 a composite number?
True
Is 1058719819 composite?
False
Is 2704927567 prime?
True
Is 1563648803 prime?
True
Is 423493619 prime?
True
Is 8068076641 composite?
False
Is 874985569 composite?
True
Is 152724403 composite?
True
Is 58211850247 a prime number?
False
Is 35626669333 a composite number?
False
Is 247293197 a composite number?
False
Is 15924759947 prime?
False
Is 2072377189 prime?
True
Is 11706525605 a prime number?
False
Is 1006680989 prime?
False
Is 132470562149 a prime number?
True
Is 732690527 a prime number?
False
Is 2232739 prime?
False
Is 350382649 a composite number?
False
Is 1357713807 composite?
True
Is 11173170163 a prime number?
False
Is 21259574353 prime?
True
Is 395798518 a composite number?
True
Is 24183773161 a composite number?
False
Is 483203011 a prime number?
True
Is 6667563233 a composite number?
False
Is 195797633 composite?
True
Is 982748341 a composite number?
False
Is 56851903051 a composite number?
False
Is 58134456433 a prime number?
False
Is 291743677 composite?
False
Is 133652131163 a prime number?
True
Is 1060418561 a prime number?
True
Is 7392718969 prime?
False
Is 14175143 a composite number?
False
Is 25119025417 prime?
True
Is 14806157 a composite number?
False
Is 634771153 prime?
True
Is 1230391769 a prime number?
True
Is 1662233231 composite?
False
Is 1269583291 a composite number?
False
Is 2784649831 prime?
True
Is 368789461 prime?
False
Is 397270721 composite?
True
Is 196497345827 a prime number?
True
Is 54161109337 prime?
True
Is 2109577571 a prime number?
True
Is 2034315307 a composite number?
True
Is 16728432811 a prime number?
True
Is 1168600061 a prime number?
True
Is 1075752827 composite?
False
Is 30384049039 prime?
False
Is 27514628953 composite?
True
Is 18185483 a prime number?
True
Is 10654989749 a prime number?
False
Is 89649343 composite?
True
Is 1271299921 a composite number?
True
Is 2896150889 a composite number?
True
Is 435959759 prime?
False
Is 89962481837 a prime number?
True
Is 1767360059 prime?
True
Is 6426687581 composite?
False
Is 31467626189 a composite number?
True
Is 34050970567 prime?
True
Is 65190617 a composite number?
False
Is 49533928583 a prime number?
True
Is 1224781399 a prime number?
False
Is 1929890161 prime?
True
Is 10567643379 prime?
False
Is 64534778267 composite?
True
Is 3731422117 a prime number?
True
Is 160217773 prime?
True
Is 3410193323 composite?
False
Is 58485714257 prime?
False
Is 894470069 composite?
True
Is 1192956071 prime?
True
Is 4124224639 prime?
True
Is 435637157 prime?
False
Is 9850433069 a composite number?
False
Is 5296374233 prime?
True
Is 48944758349 prime?
True
Is 90791237 a composite number?
True
Is 57015114601 a composite number?
True
Is 439847459 prime?
True
Is 235722499 composite?
True
Is 112054169 prime?
True
Is 8644340203 a composite number?
True
Is 194322719717 a prime number?
False
Is 12010602673 a prime number?
False
Is 113019256113 prime?
False
Is 617200217 a prime number?
True
Is 65990418757 composite?
False
Is 211787153 a prime number?
False
Is 429357697 a prime number?
True
Is 16662083303 a composite number?
False
Is 96430584427 prime?
True
Is 18733731011 prime?
False
Is 904823527 prime?
False
Is 36604769 composite?
True
Is 14837095381 a composite number?
False
Is 1299131737 prime?
True
Is 3055017401 a prime number?
False
Is 371167934 a prime number?
False
Is 10615982771 composite?
False
Is 144532121 prime?
True
Is 28983480529 composite?
False
Is 2124385181 a prime number?
True
Is 750543503 prime?
True
Is 18217705479 prime?
False
Is 145776067247 composite?
False
Is 2000813647 composite?
True
Is 2925809849 composite?
True
Is 794573753 prime?
False
Is 445394501 prime?
True
Is 392591587 a composite number?
True
Is 1583991763 a prime number?
True
Is 1301633287 a prime number?
False
Is 15954951787 a composite number?
True
Is 11420872861 a prime number?
False
Is 24836017 a prime number?
True
Is 1092690119 prime?
False
Is 27510111349 prime?
False
Is 343422241429 prime?
True
Is 13023790418 prime?
False
Is 2529064903 prime?
True
Is 3228916147 a prime number?
False
Is 942708763 composite?
True
Is 267235439 prime?
True
Is 20130917813 a prime number?
True
Is 451995185 prime?
False
Is 1576654493 prime?
False
Is 45271134119 prime?
False
Is 64648260137 a prime number?
False
Is 906486239 a prime number?
True
Is 120453625949 a composite number?
False
Is 574523371 a composite number?
True
Is 514597541 a prime number?
True
Is 4302246873 a composite number?
True
Is 1475948563 a prime number?
False
Is 534302269 a prime number?
True
Is 650418569 a prime number?
True
Is 4178076941 composite?
True
Is 3320418863 prime?
True
Is 23880807497 composite?
False
Is 4896188083 a composite number?
False
Is 3886386803 a composite number?
True
Is 14912780131 a prime number?
True
Is 133404317 composite?
False
Is 11130987641 a prime number?
True
Is 191719811 prime?
False
Is 293832839 a prime number?
True
Is 54348660077 a composite number?
True
Is 63722809 composite?
True
Is 1118317481 prime?
False
Is 29607817567 prime?
False
Is 3109210917 composite?
True
Is 24478982453 composite?
False
Is 161213021 composite?
True
Is 29383140599 a prime number?
True
Is 2782203103 composite?
False
Is 12499079171 prime?
True
Is 16196987407 prime?
False
Is 718638043 prime?
False
Is 13564865059 prime?
True
Is 3776783 composite?
False
Is 421444863373 a prime number?
True
Is 544485827 prime?
True
Is 563997953 composite?
False
Is 56427624434 a prime number?
False
Is 708715417 prime?
False
Is 102209801 prime?
True
Is 7098686953 a composite number?
False
Is 188383493 composite?
False
Is 6398687719 a prime number?
True
Is 669451841 composite?
True
Is 154181610481 prime?
True
Is 208950359 composite?
True
Is 20431981889 a prime number?
False
Is 812496757 prime?
True
Is 105604941157 a prime number?
True
Is 21034174479 composite?
True
Is 30431349019 a prime number?
False
Is 5809034499 a composite number?
True
Is 1516895123 a composite number?
False
Is 24394386631 a prime number?
False
Is 782673643 a prime number?
False
Is 5970785 composite?
True
Is 432320477 a composite number?
False
Is 426656849 a composite number?
False
Is 77984297887 composite?
False
Is 1576232173 composite?
True
Is 519230533 a composite number?
True
Is 274662029 prime?
True
Is 1884644617 a composite number?
True
Is 18196251559 composite?
False
Is 413656055 prime?
False
Is 11258259667 composite?
True
Is 60438683771 prime?
True
Is 1941917381 a composite number?
False
Is 304110944983 prime?
False
Is 8743267607 a composite number?
False
Is 579966217 composite?
True
Is 1520552393 prime?
False
Is 11176374887 a composite number?
False
Is 1085489413 a composite number?
True
Is 6378952711 a composite number?
False
Is 2880293839 a composite number?
False
Is 31049620807 composite?
False
Is 6168137771 a composite number?
True
Is 237279667 a prime number?
False
Is 642087863 a composite number?
False
Is 14712318287 a prime number?
False
Is